st the prime factors of c.
2, 3
Let c(w) = -29*w - 46. List the prime factors of c(-12).
2, 151
Let u be -7 - (2 + 2 - 3). Let v = u + 14. List the prime factors of v.
2, 3
Let f(p) = 2*p**2 - p + 2. Suppose -4 = 2*d - 0*d. List the prime factors of f(d).
2, 3
Let d be (1 - (-25)/20)*-4. Suppose 0 = 2*t - 2*i - 7 - 23, -t - i = -13. Let g = d + t. List the prime factors of g.
5
Let r = -30 + 61. What are the prime factors of r?
31
Let i(w) = 5*w**3 + 15*w**2 - w. Let p(c) = 9*c**3 + 29*c**2 - 2*c - 1. Let y(d) = 11*i(d) - 6*p(d). List the prime factors of y(9).
3, 5
Let w(m) = m**3 + 8*m**2 - 9*m - 10. Suppose 0*l = 2*l + 18. Let p be w(l). Let z = p + 16. What are the prime factors of z?
2, 3
Suppose -376 = -2*s + 182. List the prime factors of s.
3, 31
Let t(l) = -211*l - 1. Let s be t(-1). Suppose 4*x = 3*y - y - 54, -5*y - 5*x = -s. List the prime factors of y.
37
Let g = 83 + -46. List the prime factors of g.
37
What are the prime factors of (-8)/(-20) - -28*(-12)/(-10)?
2, 17
Let z = -16 - -35. Suppose o - 2*d + 0*d - z = 0, -5*o - 3*d + 69 = 0. List the prime factors of o.
3, 5
Suppose 2*t + 14 + 14 = 4*s, 0 = -3*s - t + 31. Suppose -39 = -3*k + 3*z, k + 2 = -z + s. Let g = -5 + k. List the prime factors of g.
5
Let x(d) = d + 10. Let h be x(-5). Suppose n + l - 3 = 0, -h + 0 = -5*l. Suppose 5 + 1 = 3*v, -3*w = n*v - 61. List the prime factors of w.
19
Suppose m + 102 = 3*m. Let j = -29 + m. What are the prime factors of j?
2, 11
Let x(a) = 14*a**2 + 1. Let n be x(-1). Let p = 37 - n. What are the prime factors of p?
2, 11
Let g be (48/60)/(4/10). Suppose -42 = -0*w - g*w. What are the prime factors of w?
3, 7
Suppose 2*a - 7*a = 0. Suppose a = -5*u + 74 + 31. Let f = 30 - u. List the prime factors of f.
3
Suppose -4*s + 9*s - 4*g - 213 = 0, -s = 4*g - 33. Suppose 0 = -2*u + 9 + s. What are the prime factors of u?
5
Suppose 5*l + y + 6 - 140 = 0, 100 = 4*l - y. Let z = l + -14. List the prime factors of z.
2, 3
Suppose -5*l = -8*l + 498. List the prime factors of l.
2, 83
Let j(b) = b - 1. Let n be j(7). Let a be (0 + n/2)*2. Suppose a = 4*s - 6. List the prime factors of s.
3
Let x = 418 - 220. What are the prime factors of x?
2, 3, 11
Let q be (12/10)/(4/10). Suppose -q*r + 15 + 15 = 0. List the prime factors of r.
2, 5
Suppose -2*k + 384 = 2*q, 2*k + 3 + 1 = 0. List the prime factors of q.
2, 97
Suppose -4*c = -2*c - 4. Let s be -1*(-10 - c/1). Let u = 0 + s. What are the prime factors of u?
2, 3
Let z = -130 - -239. What are the prime factors of z?
109
Let s = 6 + -9. Let b = 6 - s. List the prime factors of b.
3
Let g = 30 - 16. Suppose -k + g + 1 = 0. What are the prime factors of k?
3, 5
Let w(q) = q**2 + 3*q - 2. Let c be w(-2). Let y = -1 - c. List the prime factors of y.
3
Let r(s) be the first derivative of s**3/3 - s**2/2 + 2*s - 2. Let n be r(0). Let w = n + 5. What are the prime factors of w?
7
Suppose p + 0 = -1. What are the prime factors of ((-4)/(-5))/(p/(-10))?
2
Let a = 6 - 2. Suppose -10 = -2*f, a*f - 28 = 2*i - 8. Suppose 0 = -i*v + v - 7. What are the prime factors of v?
7
Let n(h) = h**2 + h - 27. Suppose 0 = 3*f - 2*f + 2*j - 2, -j + 1 = 3*f. Let g be n(f). What are the prime factors of g*((-12)/9 + 1)?
3
Suppose -4*l + 1072 = -0*l. What are the prime factors of l?
2, 67
Suppose -2*n - 2*n + 12 = 0. What are the prime factors of n?
3
Suppose 5*v - 56 = 144. What are the prime factors of v?
2, 5
Let o = 777 - 400. List the prime factors of o.
13, 29
Let k be -2*(-4 + 2) - 1. List the prime factors of -3 - (-30)/(-1 + k).
2, 3
Let h be 183 + 2 - (3 + -2). Suppose -3*k - 2*w = -h, -3*k + 265 = 2*k - 5*w. List the prime factors of k.
2, 29
Let i(f) = f**3 + 4*f**2 + 6*f + 6. Let y be i(-4). Let n be (-8)/(-1)*y/(-12). What are the prime factors of ((-6)/(-8))/(3/n)?
3
Let k be (-16)/(-4) - (-2)/(-1). Suppose 0 = -k*c - 2*c + 80. What are the prime factors of c?
2, 5
Suppose -5*u + 2 = -6*u. Let c be u + 0 + 72/3. List the prime factors of -1 + (c/1)/2.
2, 5
Let v(t) = -t + 2. Let n be v(-3). Suppose 7 = -3*r + n*x, 0*x + 2*x = 4. Let j = 11 - r. List the prime factors of j.
2, 5
Suppose 0 = -5*h + 5*k + 490, 4*k - 294 = -5*h + 2*h. Suppose h = 5*c + 8. Suppose 6 - c = -3*z. List the prime factors of z.
2
Let t be (-3)/4*-4 + 1. Let k(h) = -3 - h + 3*h + 5 - 4*h**2 + h**3. List the prime factors of k(t).
2, 5
Suppose -6*k + 5*k = -10. Suppose -u + k = 4*u. What are the prime factors of u?
2
Let q be (5 - 6/2)*1. Suppose -g = -r - 4, 5*r - 11 = -q*g + 4*r. List the prime factors of g.
5
Suppose 11 = 3*u - 3*p - 10, -3*u + 31 = -5*p. Let z be -16*(2/u - 0). Let x = -5 - z. What are the prime factors of x?
11
Let j = -11 + 8. Let k(u) = -5 - 2*u - 2 + 3. What are the prime factors of k(j)?
2
Let u be 21/(-9) - (-6)/(-9). List the prime factors of (2/1)/(u/(-12)).
2
Let u = 22 - -6. Let q be (-3)/9 - u/6. Let g = 13 + q. List the prime factors of g.
2
Let m(s) = 13*s + 3. Let f(n) = 1. Let o(x) = -3*f(x) + m(x). List the prime factors of o(1).
13
Let i = -94 - -105. What are the prime factors of i?
11
Let w(g) = g**2 + 13*g + 75. What are the prime factors of w(-6)?
3, 11
Let n(w) = -3*w + 3. Let h be n(2). What are the prime factors of (-6)/2 - h*5?
2, 3
List the prime factors of 492/(-36)*6/(-2).
41
Let l(r) = 5*r**2 + 2*r - 1. Let k be l(1). Let s(q) = -q**3 + 7*q**2 + 9*q - 7. Let j be s(8). Let c = j + k. List the prime factors of c.
7
Let i(x) = x**3 - 10*x**2 - 12*x + 15. Let t be i(11). Suppose 12 = 2*n + t*y, -5*n + 3*y + 75 = 4*y. List the prime factors of n.
2
Let n = -32 - -34. What are the prime factors of n?
2
Suppose 0 = m + 3*w - 86, 4*m - 5*w - 30 = 246. List the prime factors of m.
2, 37
Let u = 1 + 8. Let d(h) = h**3 - 10*h**2 + 11*h - 1. What are the prime factors of d(u)?
17
Let j(o) be the third derivative of o**5/40 + o**4/8 - 2*o**3/3 - 3*o**2. Let t(n) be the first derivative of j(n). What are the prime factors of t(4)?
3, 5
Suppose -372 = -4*c - 4*f, -4*c + 4*f + 500 - 128 = 0. List the prime factors of c.
3, 31
Suppose 5*y - 3*y + 2 = 0. Let g = y - -5. Suppose -6 = -g*v + 2*v. List the prime factors of v.
3
Let b be (-42)/(-11) - (-16)/88. Suppose b*j + 2*r = 8*j - 64, -2*j - 2*r = -38. What are the prime factors of j?
17
Let p = -331 + 466. What are the prime factors of p?
3, 5
Let i = -19 - -38. What are the prime factors of i?
19
Suppose 3*s + 373 = 4*v, 6*s - 2*s + 271 = 3*v. What are the prime factors of v?
97
Let l be (-6)/(-15) - (-6)/10. What are the prime factors of 1*(l - (0 - 1))?
2
Let y = -38 + 68. Suppose -3*s + y - 3 = 0. What are the prime factors of s?
3
Let j(n) = -3 - 4 + 3 + 4*n - 3*n. Let w be j(6). Suppose 5*b + w = 77. What are the prime factors of b?
3, 5
Let i be (696/16)/((-2)/4). Let o = -61 - i. List the prime factors of o.
2, 13
Suppose -2*r + 74 = 2*z, -4*r - 118 = -3*z - 0*r. Suppose 7 = 5*w - z. What are the prime factors of w?
3
Suppose 5 = g + 3*s + 4, 4*g + 4*s = 12. Suppose 0*k + g = 4*a + 2*k, 5*a = -3*k + 3. What are the prime factors of a?
3
Let q(o) = 2*o**2 - 7. Let b be q(-3). Let m be 1/(-2 - 0 - -1). Let r = b + m. List the prime factors of r.
2, 5
Let w be (0 + -16)*1/(-2). Suppose f = s + 11, -3*s - 2*f - 30 = w. Let y = s - -17. List the prime factors of y.
5
Let u(b) = -b**2 - 8*b - 8. Let c be u(-6). Suppose 3*z - 4*y + 0*y = 36, c*y + 20 = z. What are the prime factors of z?
2
Let h be (-1 + -1)/(2/6). Let l = h - -10. Suppose 0 = -j - l*j + 55. What are the prime factors of j?
11
Let g = 6 - 3. Let x be 2*(g/6 - 1). Let w = x + 5. What are the prime factors of w?
2
Let y(w) = -w**2 + 13*w - 14. Let d be y(12). Let i(p) = -5*p**3 - p**2 + 2*p + 3. What are the prime factors of i(d)?
5, 7
List the prime factors of 44/6 + (-8)/(-12).
2
Suppose 3*y - 8*y = 2*j - 613, 0 = -5*y + 25. What are the prime factors of j?
2, 3, 7
Suppose 6*r = 4*r - 8. What are the prime factors of (-30)/r*16/20?
2, 3
Let t = 3 - 0. Suppose 0 = 2*v - 3 - t. Suppose 24 = v*s - s. List the prime factors of s.
2, 3
Let h be 114/(-7) - (-14)/49. What are the prime factors of (21/(-14))/(2/h)?
2, 3
Suppose 3*x - 2*r = 31, -x + 24 = -4*r - 3. What are the prime factors of 0 + x/((-14)/(-32))?
2
Let o(p) = -p**3 - 12*p**2 - 14*p + 12. List the prime factors of o(-11).
3, 5
